 Let l(j) = -5*j**3 + 3*j**2 - 3*j + 5. Let a(w) = 3*l(w) + 5*u(w). Give a(t).
-5
Let l(w) = -16*w + 1. Suppose 21*t = 8*t + 26. Calculate l(t).
-31
Let m be -2 - 6 - (-1 - 7 - -3). Let t(b) = -b**3 - 4*b**2 + b + 4. What is t(m)?
-8
Suppose -10*h + 6*h = -15*h. Let o(n) be the third derivative of -1/120*n**6 + 7*n**2 + 2/15*n**5 - 1/3*n**4 + h*n + 5/6*n**3 + 0. Determine o(7).
-2
Let m(w) = -20*w + 1044. Let z be m(52). Let k(h) = h**2 - 4. Let u(q) = 3*q**2 - q - 12. Let o(x) = 11*k(x) - 4*u(x). What is o(z)?
4
Let z(d) = 4 + 118*d - 30*d - 43*d - 36*d - 2*d**2. Determine z(5).
-1
Let v(y) = -y**3 - 2*y**2 + 4. Let i(q) = q**2 - 4*q**2 + q**3 - 3*q**3 + 1 + 4. Let r(l) = 2*i(l) - 3*v(l). Determine r(-3).
25
Let s(d) = -22*d - 3 + 62*d + 10 - 25*d - 24*d + d**2. Let j(k) = 3*k**2 + 3*k + 2. Let a be j(-2). Give s(a).
-1
Suppose -2*t = -4*r + 3*t - 11, t - 2 = r. Let s(n) = n + 1 - r - n**2 + 1 - 5. Determine s(3).
-10
Let m(l) = -l**2 - 4*l + 77. Let t be m(-11). Let f(g) = -2*g**2 + 3*g - 7. Determine f(t).
-7
Let p(o) be the first derivative of -3*o**2 - o - 1. Suppose -b = 4*g - 19, -3*b = 4*g + 551 - 568. Calculate p(b).
5
Let c(p) = p**2 - 8*p - 8. Let b be (-1 - (-1 + 4))*(-48)/4. Suppose -f + 14 = 2*l, -5*f - b = -5*l + 2. Calculate c(l).
-8
Let w be (1/3)/(5/45). Let n(f) = 6*f**3 + 4*f - 2 + 15*f**w - 20*f**3 + 5*f**2. What is n(-4)?
-2
Let v(d) = -d**2 - 5*d + 2. Let i be v(-5). Let g(u) = 2*u + 8*u + 3*u + u**2 - 12*u + 1 - 2*u**3 + 0*u. Determine g(i).
-9
Let m(j) = -5*j - 1. Let t(h) = -11*h - 3. Let c(y) = 13*m(y) - 6*t(y). Determine c(-12).
-7
Let f(w) be the second derivative of -7/24*w**4 - 1/2*w**2 - 5*w - 5/6*w**3 + 0 + 1/120*w**6 + 1/12*w**5. Let l(q) be the first derivative of f(q). Give l(-6).
1
Let r(i) be the first derivative of i**2/2 - 2*i - 2. Let x be -2*(-12)/(-8) - (4 + -5). Calculate r(x).
-4
Let i(v) be the third derivative of -v**5/60 - 5*v**4/24 + v**3/6 - 21*v**2. What is i(-5)?
1
Let z(m) be the first derivative of -m**4/4 - m**2/2 + m - 5. Suppose 0*p + 4 = p + 3*b, -3*p + 5*b - 2 = 0. Determine z(p).
-1
Let j(y) = -3*y**3 + 4*y**2 + 4*y - 7. Suppose 18 = 2*c + i, 0 = -5*c + 4*i - i + 23. Let h(q) = q**3 - q**2 - q + 2. Let x(g) = c*h(g) + 2*j(g). Give x(-2).
-6
Let i(c) = -4*c**2 + 8*c - 2. Let n(p) = 2*p**2 - 10*p - 2. Let x(j) = j**2 - j + 1. Let m(f) = -n(f) - 5*x(f). Let a(k) = -5*i(k) + 3*m(k). Give a(5).
1
Let a(t) be the second derivative of 0*t**2 + 1/6*t**3 - t + 0. Calculate a(-4).
-4
Let m(n) = -3*n**2 + 9*n + 8. Let i(s) = 14*s**2 - 37*s - 34. Let j(k) = -2*i(k) - 9*m(k). Give j(-5).
6
Let x(l) = 2*l + 9959 - 11*l - 9964 - l**2. What is x(-8)?
3
Suppose 3*c = -c, 2*z + 2*c - 8 = 0. Let w be (-17)/z + (-5)/(-20). Let j(b) = 1043 - 2089 + 1044 - b. Give j(w).
2
Let k(i) be the second derivative of -i**3/6 - 8*i**2 + 52*i. Determine k(-10).
-6
Let k(j) = j**3 + 5*j**2 + 2*j - 3. Suppose 0 = -3*z - 4*x - 29, -12*z + 3*x + 9 = -10*z. Determine k(z).
9
Let d(f) = 8 + 10 - 13 + 7 + 2*f. Let w be d(-4). Let u(b) = 4*b - 4. Calculate u(w).
12
Let d(q) = -3*q**2 - 10*q + 42. Let x be d(3). Let r(c) = -c**3 - 15*c**2 - 19. Give r(x).
-19
Let l(y) = 6*y**2 - 3*y. Let x(u) = u**2 + 1. Let f = 22 + -27. Let j(t) = f*x(t) + l(t). Give j(5).
5
Let t(l) = -3*l + 5. Let h be t(0). Suppose -4*c + 143 = -3*v, h*c - 5*v = 36 + 149. Let x be c/(-28)*(-42)/12. Let d(a) = -2*a + 1. Give d(x).
-7
Let j(t) be the third derivative of -t**4/12 - 7*t**3/2 - 439*t**2. Give j(-9).
-3
Suppose 0 = q - 1 + 4, 102 = 5*p + q. Suppose -2*w = 4*d - 40, -2 + 6 = w. Let r(o) = p*o - 3 - d*o - 11*o. Give r(3).
3
Suppose 3*y = -16*y - 95. Let s(p) = -p**3 - 5*p**2 - 2*p - 7. What is s(y)?
3
Let d = -20 + 21. Let a(h) = 14*h**3 + 5*h**2 + 4*h + 5. Let p(z) = 7*z**3 + 2*z**2 + 2*z + 2. Let n(o) = -3*a(o) + 7*p(o). Give n(d).
7
Let p(i) = 4*i + 2*i - i. Let t be 2/(-3 + 3 + 2). Suppose -n = -t + 2. Determine p(n).
-5
Let n(t) = 51*t**2 + 22*t - 11. Let u(z) = 25*z**2 + 10*z - 5. Let a(o) = 4*n(o) - 9*u(o). Determine a(1).
-22
Let l(x) = -x**3 + 2*x**2 + 6*x - 4. Let a(f) = -9*f**3 + 2*f**2 - 2*f + 1. Let p be a(1). Let o be (p/(-5))/((-4)/30). Let i = o + 16. Give l(i).
-12
Let f(o) = -o + 1. Let x be f(1). Let z = 93 - 85. Let g(u) = -7*u + 0 - 9 + z*u. Determine g(x).
-9
Let p be -1*2 - (48 - 55). Let y(j) = 8*j - 7. Calculate y(p).
33
Let t(x) = -x**3 + 6*x**2 - 2*x + 6. Let g be 2 + 2 + 3/(-3). Suppose 4 = m + 2*k, 0 = 2*m - 2*k - g*k - 17. Determine t(m).
-6
Let i(k) = -k**2 - 6*k + 6. Suppose 6*w = -15 - 27. Give i(w).
-1
Let i(z) be the first derivative of -1/2*z**2 + z + 12 + 1/3*z**3. What is i(2)?
3
Suppose -5*t = 125 - 60. Let l(c) = 14*c + 13 + 9 - 5 + c**2. Give l(t).
4
Let i(s) = s**2 - s + 2. Let t(a) = a**3 - 4*a**2 + 20*a - 39. Let z(f) = -f**3 + 5*f**2 - 19*f + 38. Let j(y) = -6*t(y) - 7*z(y). Let u be j(10). What is i(u)?
8
Let p(c) = c - 1. Let m = 77 + -73. Suppose r + 3*i + 9 = 0, m*r = 5*r - i - 3. What is p(r)?
-1
Let h(n) = -n**3 + 6*n**2 - 8*n + 4. Let m be h(4). Let t(f) = -4 + 18*f**2 - 3 - 17*f**2 + 3 - m*f. Suppose -3*a + 10 = -5. Give t(a).
1
Let x be (2/(-5))/((-7)/35). Let p = 8 + -7. Suppose p = -x*q + 3. Let y(z) = -13*z + 1. What is y(q)?
-12
Let w(b) = 2*b**3 - 2*b**2 + b - 1. Let o = -46 + 37. Let z = o - -11. Determine w(z).
9
Let l be (-15)/(-13) - (-92)/(-598). Let n(m) = 32*m**2 - m + 1. Determine n(l).
32
Let f(y) = y**3 - 2*y**2 - 2*y. Let d(o) = 1. Let i(b) = 3*d(b) - f(b). Let q be i(3). Let h = 5 + q. Let g(a) = -a - 1. Give g(h).
-6
Let p be 2/2 + 0 + 5. Let x = 72 + 135. Let k(h) = 2 - 104*h - 104*h + x*h. What is k(p)?
-4
Let r(q) = q - 3. Suppose -c + 4*c - 3 = -b, 4*c - 5*b - 4 = 0. Let p(j) = -c - 6 + 2*j + 5. Let h be p(-2). What is r(h)?
-9
Let s(l) = l**2 + 5*l - 1. Let v = 13 - 9. Let c be -1*v*(1 + -2). Suppose -c*b = -5*b - 4. What is s(b)?
-5
Let p(s) = -4*s + 2*s - 7 + s. Let c = 2718 - 2712. Calculate p(c).
-13
Let l(q) = -3*q**2 - 8*q - 11. Let k(m) = -m**2 + m - 1. Let b(n) = -2*k(n) + l(n). Determine b(-10).
-9
Let x(l) = 6*l**3 + 11*l**2 + 6*l + 1. Let m(f) = 7*f**3 + 12*f**2 + 7*f. Let c(w) = 5*m(w) - 6*x(w). What is c(-5)?
-26
Let p(h) be the second derivative of h**5/20 + h**4/3 + h**3/6 - 7*h**2/2 + h + 34. Calculate p(-3).
-1
Let f(t) be the second derivative of -t**4/12 - t**3/2 + t**2 - 108*t. Calculate f(-4).
-2
Let t be (-62)/589 - 4/(-38). Let v(m) be the third derivative of 0 + 6*m**2 + t*m + 2/3*m**3 - 1/24*m**4. Determine v(-7).
11
Let n = 154 + -109. Let l = n + -6. Let m = -37 + l. Let z(t) = -2*t**3 + 2*t**2 - t - 2. Determine z(m).
-12
Let q(f) = f - 1. Let g(u) be the first derivative of u**2/2 - u - 40. Let s(a) = g(a) + 2*q(a). Determine s(3).
6
Let o(y) = y**3 - 6*y**2 - 1. Let k(h) = -h**3 + 2*h**2 - h. Let u be k(1). Let d = 7 - u. Let i = d + -1. What is o(i)?
-1
Let q(l) = 5*l**3 + 2*l**2 + 5*l + 3. Let w be q(-1). Let g(j) be the first derivative of 1/2*j**2 - 1 + 7*j + 5/3*j**3 + 1/4*j**4. Calculate g(w).
2
Suppose -26 = -a - 4*v, -4*a - 5*v + 28 = -32. Let q(j) = -j**2 + 10*j + 2. Let w be q(a). Let l(h) = h + h**w - 5*h + h - 3. Give l(4).
1
Suppose -2*f - 437 = -455. Let g(c) = c**3 - 9*c**2 + c - 2. Calculate g(f).
7
Suppose 0 = -5*t + r - 10, -t = -5*r + r + 21. Let v(x) be the second derivative of x**3/2 + x**2/2 - 374*x. What is v(t)?
-2
Let h(u) = 5*u**2 + 4*u + 5. Let g(l) = -l - 1. Let i(y) = 4*g(y) + h(y). Let x be i(1). Let q(m) = -4*m**2 + 7*m - 2*m + 3*m**2 + 4 - 2. What is q(x)?
-4
Let n(r) = -3*r**2 + 2*r + 6. Let f(j) = j**2 + j - 1. Let z(s) = -2*f(s) - n(s). Calculate z(6).
8
Let n(o) = o**3 - 10*o**2 + 5. Let k = -196 - -206. What is n(k)?
5
Suppose -3*k - 18 = 6. Let j(b) be the first derivative of b**4/4 + 3*b**3 + 3*b**2 - 5*b - 52. What is j(k)?
11
Let c(z) = -z + z - 7 + 3*z - z. Let s(g) = g + 1. Let l(p) = c(p) + s(p). Determine l(6).
12
Let v(x) = -x**2 + 14*x - 41. Let h be v(10). Let q(u) = -u**3 + u**2 - u + 1. Let w(n) = -15*n**3 + n**2 - 3*n + 1. Let f(t) = 2*q(t) - w(t). Determine f(h).
-12
Let a(u) be the second derivative of 2*u**3/3 + 33*u**2/2 - 19*u + 3. What is a(-9)?
-3
Let s(c) = -c**3 + 30*c**2 + 30*c + 26. Let o be s(31). Let b(j) = j**2 + 5*j - 1. Give b(o).
-1
Suppose 4*b - 16 = -3*h, -b = 2*b - 